{"id":509,"date":"2024-07-10T11:21:31","date_gmt":"2024-07-10T14:21:31","guid":{"rendered":"https:\/\/site.sindihoteissj.org.br\/?page_id=509"},"modified":"2024-07-10T11:21:31","modified_gmt":"2024-07-10T14:21:31","slug":"feriados-oficiais","status":"publish","type":"page","link":"https:\/\/site.sindihoteissj.org.br\/index.php\/feriados-oficiais\/","title":{"rendered":"Feriados Oficiais"},"content":{"rendered":"\n<p><strong>Para fins trabalhistas \u2013 2024<\/strong><\/p>\n\n\n\n<p>O trabalho em feriados oficiais exige a concess\u00e3o de folga compensat\u00f3ria em outro dia da semana, ou o pagamento em dobro do feriado trabalhado. Mas essa regra s\u00f3 vale para os feriados previstos em lei. Por isso, algumas datas, apesar da tradi\u00e7\u00e3o, como \u00e9 o caso dos dias de Carnaval, n\u00e3o s\u00e3o feriados oficiais, salvo nos munic\u00edpios em que h\u00e1 lei estabelecendo o contr\u00e1rio (nas cidades de Santa Catarina, por exemplo, n\u00e3o h\u00e1). Veja quais s\u00e3o os feriados previstos em lei: FERIADOS FEDERAIS:<\/p>\n\n\n\n<p>1\u00ba de janeiro \u2013 Paz mundial 2 de novembro \u2013 Finados<\/p>\n\n\n\n<p>21 de abril \u2013 Tiradentes 15 de novembro \u2013 Proclama\u00e7\u00e3o da Rep\u00fablica<\/p>\n\n\n\n<p>1\u00ba de maio \u2013 Dia do Trabalhador 20 de novembro \u2013 Consci\u00eancia Negra<\/p>\n\n\n\n<p>7 de setembro \u2013 Independ\u00eancia 25 de dezembro \u2013 Natal<\/p>\n\n\n\n<p>12 de outubro \u2013 Nossa Senhora Aparecida<\/p>\n\n\n\n<p>Fontes: Lei Federal 9.093\/1995 (<a href=\"http:\/\/www.planalto.gov.br\/ccivil_03\/Leis\/L9093.htm\">www.planalto.gov.br\/ccivil_03\/Leis\/L9093.htm<\/a>)<\/p>\n\n\n\n<p>Lei 662\/1949 (<a href=\"http:\/\/www.planalto.gov.br\/ccivil_03\/Leis\/L0662.htm\">www.planalto.gov.br\/ccivil_03\/Leis\/L0662.htm<\/a>)<\/p>\n\n\n\n<p>Lei 6.8902\/1980 (<a href=\"http:\/\/www.planalto.gov.br\/ccivil_03\/Leis\/L6802.htm\">www.planalto.gov.br\/ccivil_03\/Leis\/L6802.htm<\/a>)<\/p>\n\n\n\n<p>Lei 14.759\/2023 (<a href=\"http:\/\/www.planalto.gov.br\/ccivil_03\/_ato2023-2026\/2023\/lei\/L14759.htm\">www.planalto.gov.br\/ccivil_03\/_ato2023-2026\/2023\/lei\/L14759.htm<\/a><\/p>\n\n\n\n<p>Para conhecer os FERIADOS MUNICIPAIS \u00e9 necess\u00e1rio consultar a Prefeitura Municipal ou a C\u00e2mara de Vereadores, ou o site do Tribunal de Justi\u00e7a\/SC (<a href=\"https:\/\/busca.tjsc.jus.br\/dje%20-\">https:\/\/busca.tjsc.jus.br\/dje &#8211;<\/a><\/p>\n\n\n\n<p>Consulta\/rest\/diario\/caderno? Edicao=4170&amp;cdCaderno=4),<br>&nbsp;ou ainda do Tribunal Regional do Trabalho\/SC (<a href=\"http:\/\/www.trt12.jus.br\/portal\/areas\/calendario\/extranet\/calendario.jsp\">www.trt12.jus.br\/portal\/areas\/calendario\/extranet\/calendario.jsp<\/a>).<\/p>\n\n\n\n<p>A t\u00edtulo de exemplo, os feriados municipais de Florian\u00f3polis e S\u00e3o Jos\u00e9 (que \u00e9 semelhante para a maioria dos munic\u00edpios catarinenses) s\u00e3o os seguintes:<\/p>\n\n\n\n<p>Sexta-Feira da Paix\u00e3o<\/p>\n\n\n\n<p>Data de funda\u00e7\u00e3o do Munic\u00edpio: 19\/mar\u00e7o em S\u00e3o Jos\u00e9, 23\/mar\u00e7o em Florian\u00f3polis<\/p>\n\n\n\n<p><strong>Corpus Christi &#8211; FERIADO<\/strong><\/p>\n\n\n\n<p>Finados (2 de novembro)<\/p>\n\n\n\n<p>Fonte: Florian\u00f3polis: Lei 832\/1967<\/p>\n\n\n\n<p><a href=\"http:\/\/sistemas.sc.gov.br\/cmf\/pesquisa\/docs\/1967\/LPMF\/lei832_67.doc\">http:\/\/sistemas.sc.gov.br\/cmf\/pesquisa\/docs\/1967\/LPMF\/lei832_67.doc<\/a><\/p>\n\n\n\n<p>S\u00e3o Jos\u00e9: &nbsp;Lei 2.302\/1991<\/p>\n\n\n\n<p><a href=\"https:\/\/leismunicipais.com.br\/a\/sc\/s\/sao-jose\/lei-ordinaria\/1991\/231\/2302\/lei-ordinaria-n-2302-1991-da-nova-redacao-ao-art-1-da-lei-n-1650-de-19-de-outubro-de-1985-que-trata-dos-feriados-municipais\">https:\/\/leismunicipais.com.br\/a\/sc\/s\/sao-jose\/lei-ordinaria\/1991\/231\/2302\/lei-ordinaria-n-2302-1991-da-nova-redacao-ao-art-1-da-lei-n-1650-de-19-de-outubro-de-1985-que-trata-dos-feriados-municipais<\/a><\/p>\n","protected":false},"excerpt":{"rendered":"<p>Para fins trabalhistas \u2013 2024 O trabalho em feriados oficiais exige a concess\u00e3o de folga compensat\u00f3ria em outro dia da semana, ou o pagamento em dobro do feriado trabalhado. Mas essa regra s\u00f3 vale para os feriados previstos em lei. Por isso, algumas datas, apesar da tradi\u00e7\u00e3o, como \u00e9 o caso dos dias de Carnaval, [&hellip;]<\/p>\n","protected":false},"author":1,"featured_media":0,"parent":0,"menu_order":0,"comment_status":"closed","ping_status":"closed","template":"","meta":{"footnotes":""},"class_list":["post-509","page","type-page","status-publish","hentry"],"_links":{"self":[{"href":"https:\/\/site.sindihoteissj.org.br\/index.php\/wp-json\/wp\/v2\/pages\/509","targetHints":{"allow":["GET"]}}],"collection":[{"href":"https:\/\/site.sindihoteissj.org.br\/index.php\/wp-json\/wp\/v2\/pages"}],"about":[{"href":"https:\/\/site.sindihoteissj.org.br\/index.php\/wp-json\/wp\/v2\/types\/page"}],"author":[{"embeddable":true,"href":"https:\/\/site.sindihoteissj.org.br\/index.php\/wp-json\/wp\/v2\/users\/1"}],"replies":[{"embeddable":true,"href":"https:\/\/site.sindihoteissj.org.br\/index.php\/wp-json\/wp\/v2\/comments?post=509"}],"version-history":[{"count":1,"href":"https:\/\/site.sindihoteissj.org.br\/index.php\/wp-json\/wp\/v2\/pages\/509\/revisions"}],"predecessor-version":[{"id":510,"href":"https:\/\/site.sindihoteissj.org.br\/index.php\/wp-json\/wp\/v2\/pages\/509\/revisions\/510"}],"wp:attachment":[{"href":"https:\/\/site.sindihoteissj.org.br\/index.php\/wp-json\/wp\/v2\/media?parent=509"}],"curies":[{"name":"wp","href":"https:\/\/api.w.org\/{rel}","templated":true}]}}