{"id":237,"date":"2023-12-11T20:09:23","date_gmt":"2023-12-11T23:09:23","guid":{"rendered":"https:\/\/site.sindihoteissj.org.br\/?page_id=237"},"modified":"2025-10-13T13:53:30","modified_gmt":"2025-10-13T16:53:30","slug":"convencoes","status":"publish","type":"page","link":"https:\/\/site.sindihoteissj.org.br\/index.php\/convencoes\/","title":{"rendered":"Conven\u00e7\u00f5es"},"content":{"rendered":"\n<p><\/p>\n\n\n\n<p class=\"has-text-align-center\"><strong>CONVEN\u00c7\u00d5ES COLETIVAS DE TRABALHO<\/strong>&nbsp;<\/p>\n\n\n\n<p><strong>CASA DE DIVERS\u00d5ES &nbsp; &nbsp; &nbsp;<\/strong><\/p>\n\n\n\n<p><a href=\"https:\/\/site.sindihoteissj.org.br\/wp-content\/uploads\/2023\/12\/cctcasasdediversoes2324.pdf\">Conven\u00e7\u00e3o 2023\/2024<\/a><\/p>\n\n\n\n<p><a href=\"https:\/\/site.sindihoteissj.org.br\/wp-content\/uploads\/2024\/09\/CASASDIVERSOESCONVCT2425-1.pdf\" data-type=\"link\" data-id=\"https:\/\/site.sindihoteissj.org.br\/wp-content\/uploads\/2024\/09\/CASASDIVERSOESCONVCT2425-1.pdf\">Conven\u00e7\u00e3o 2024\/2025<\/a><br><br><a href=\"https:\/\/site.sindihoteissj.org.br\/wp-content\/uploads\/2025\/10\/CCT_Diversoes.pdf\">Conven\u00e7\u00e3o 2025\/2026<\/a><a href=\"https:\/\/sindihoteissj.org.br\/images\/CCCD2020-2021.pdf\"><br><\/a><\/p>\n\n\n\n<p><\/p>\n\n\n\n<p><strong>HOSPITALIDADE&nbsp;(Hot\u00e9is, Restaurantes, etc&#8230;) &nbsp; &nbsp; &nbsp;<\/strong><\/p>\n\n\n\n<p><a href=\"https:\/\/site.sindihoteissj.org.br\/wp-content\/uploads\/2025\/08\/CCH2526.pdf\" data-type=\"link\" data-id=\"https:\/\/site.sindihoteissj.org.br\/wp-content\/uploads\/2025\/08\/CCH2526.pdf\">Conven\u00e7\u00e3o 2025\/2026<\/a><br><br><a href=\"https:\/\/site.sindihoteissj.org.br\/wp-content\/uploads\/2024\/10\/CCH2425.pdf\" data-type=\"link\" data-id=\"https:\/\/site.sindihoteissj.org.br\/wp-content\/uploads\/2024\/10\/CCH2425.pdf\">Conven\u00e7\u00e3o 2024\/2025<\/a><\/p>\n\n\n\n<p><\/p>\n","protected":false},"excerpt":{"rendered":"<p>CONVEN\u00c7\u00d5ES COLETIVAS DE TRABALHO&nbsp; CASA DE DIVERS\u00d5ES &nbsp; &nbsp; &nbsp; Conven\u00e7\u00e3o 2023\/2024 Conven\u00e7\u00e3o 2024\/2025 Conven\u00e7\u00e3o 2025\/2026 HOSPITALIDADE&nbsp;(Hot\u00e9is, Restaurantes, etc&#8230;) &nbsp; &nbsp; &nbsp; Conven\u00e7\u00e3o 2025\/2026 Conven\u00e7\u00e3o 2024\/2025<\/p>\n","protected":false},"author":1,"featured_media":0,"parent":0,"menu_order":0,"comment_status":"closed","ping_status":"closed","template":"","meta":{"footnotes":""},"class_list":["post-237","page","type-page","status-publish","hentry"],"_links":{"self":[{"href":"https:\/\/site.sindihoteissj.org.br\/index.php\/wp-json\/wp\/v2\/pages\/237","targetHints":{"allow":["GET"]}}],"collection":[{"href":"https:\/\/site.sindihoteissj.org.br\/index.php\/wp-json\/wp\/v2\/pages"}],"about":[{"href":"https:\/\/site.sindihoteissj.org.br\/index.php\/wp-json\/wp\/v2\/types\/page"}],"author":[{"embeddable":true,"href":"https:\/\/site.sindihoteissj.org.br\/index.php\/wp-json\/wp\/v2\/users\/1"}],"replies":[{"embeddable":true,"href":"https:\/\/site.sindihoteissj.org.br\/index.php\/wp-json\/wp\/v2\/comments?post=237"}],"version-history":[{"count":16,"href":"https:\/\/site.sindihoteissj.org.br\/index.php\/wp-json\/wp\/v2\/pages\/237\/revisions"}],"predecessor-version":[{"id":607,"href":"https:\/\/site.sindihoteissj.org.br\/index.php\/wp-json\/wp\/v2\/pages\/237\/revisions\/607"}],"wp:attachment":[{"href":"https:\/\/site.sindihoteissj.org.br\/index.php\/wp-json\/wp\/v2\/media?parent=237"}],"curies":[{"name":"wp","href":"https:\/\/api.w.org\/{rel}","templated":true}]}}