{"id":159,"date":"2023-12-11T19:49:40","date_gmt":"2023-12-11T22:49:40","guid":{"rendered":"https:\/\/site.sindihoteissj.org.br\/?page_id=159"},"modified":"2024-07-11T09:27:17","modified_gmt":"2024-07-11T12:27:17","slug":"base-territorial","status":"publish","type":"page","link":"https:\/\/site.sindihoteissj.org.br\/index.php\/base-territorial\/","title":{"rendered":"Base Territorial"},"content":{"rendered":"\n<p class=\"has-text-align-center\"><strong>CASA DE DIVERS\u00d5ES&nbsp;<\/strong><\/p>\n\n\n\n<div class=\"wp-block-columns is-layout-flex wp-container-core-columns-is-layout-9d6595d7 wp-block-columns-is-layout-flex\">\n<div class=\"wp-block-column is-layout-flow wp-block-column-is-layout-flow\">\n<div class=\"wp-block-columns is-layout-flex wp-container-core-columns-is-layout-9d6595d7 wp-block-columns-is-layout-flex\">\n<div class=\"wp-block-column is-layout-flow wp-block-column-is-layout-flow\">\n<figure class=\"wp-block-table\"><table><tbody><tr><td><strong>Abrang\u00eancia Territorial<\/strong><\/td><\/tr><tr><td>\u00c1guas Mornas<br>Angelina<br>Anit\u00e1polis<br>Ant\u00f4nio Carlos<br>Bigua\u00e7u<br>Garopaba<br>Governador Celso Ramos<br>Palho\u00e7a<br>Paulo Lopes<br>Rancho Queimado<br>Santo Amaro da Imperatriz<br>S\u00e3o Bonif\u00e1cio<br>S\u00e3o Jos\u00e9<br>SC-S\u00e3o Pedro de Alc\u00e2ntara<\/td><\/tr><\/tbody><\/table><\/figure>\n<\/div>\n<\/div>\n<\/div>\n<\/div>\n\n\n\n<p class=\"has-text-align-center\"><strong>TURISMO E HOSPITALIDADE&nbsp;<\/strong><\/p>\n\n\n\n<figure class=\"wp-block-table\"><table><tbody><tr><td><strong>Abrang\u00eancia Territorial<\/strong><\/td><\/tr><tr><td>\u00c1guas Mornas<br>Angelina<br>Anit\u00e1polis<br>Ant\u00f4nio Carlos<br>Bigua\u00e7u<br>Garopaba<br>Governador Celso Ramos<br>Palho\u00e7a<br>Paulo Lopes<br>Rancho Queimado<br>Santo Amaro da Imperatriz<br>S\u00e3o Bonif\u00e1cio<br>S\u00e3o Jos\u00e9<br>SC-S\u00e3o Pedro de Alc\u00e2ntara<\/td><\/tr><\/tbody><\/table><\/figure>\n\n\n\n<div class=\"wp-block-columns is-layout-flex wp-container-core-columns-is-layout-9d6595d7 wp-block-columns-is-layout-flex\">\n<div class=\"wp-block-column is-layout-flow wp-block-column-is-layout-flow\" style=\"flex-basis:100%\"><\/div>\n<\/div>\n","protected":false},"excerpt":{"rendered":"<p>CASA DE DIVERS\u00d5ES&nbsp; Abrang\u00eancia Territorial \u00c1guas MornasAngelinaAnit\u00e1polisAnt\u00f4nio CarlosBigua\u00e7uGaropabaGovernador Celso RamosPalho\u00e7aPaulo LopesRancho QueimadoSanto Amaro da ImperatrizS\u00e3o Bonif\u00e1cioS\u00e3o Jos\u00e9SC-S\u00e3o Pedro de Alc\u00e2ntara TURISMO E HOSPITALIDADE&nbsp; Abrang\u00eancia Territorial \u00c1guas MornasAngelinaAnit\u00e1polisAnt\u00f4nio CarlosBigua\u00e7uGaropabaGovernador Celso RamosPalho\u00e7aPaulo LopesRancho QueimadoSanto Amaro da ImperatrizS\u00e3o Bonif\u00e1cioS\u00e3o Jos\u00e9SC-S\u00e3o Pedro de Alc\u00e2ntara<\/p>\n","protected":false},"author":1,"featured_media":0,"parent":0,"menu_order":0,"comment_status":"closed","ping_status":"closed","template":"","meta":{"footnotes":""},"class_list":["post-159","page","type-page","status-publish","hentry"],"_links":{"self":[{"href":"https:\/\/site.sindihoteissj.org.br\/index.php\/wp-json\/wp\/v2\/pages\/159","targetHints":{"allow":["GET"]}}],"collection":[{"href":"https:\/\/site.sindihoteissj.org.br\/index.php\/wp-json\/wp\/v2\/pages"}],"about":[{"href":"https:\/\/site.sindihoteissj.org.br\/index.php\/wp-json\/wp\/v2\/types\/page"}],"author":[{"embeddable":true,"href":"https:\/\/site.sindihoteissj.org.br\/index.php\/wp-json\/wp\/v2\/users\/1"}],"replies":[{"embeddable":true,"href":"https:\/\/site.sindihoteissj.org.br\/index.php\/wp-json\/wp\/v2\/comments?post=159"}],"version-history":[{"count":5,"href":"https:\/\/site.sindihoteissj.org.br\/index.php\/wp-json\/wp\/v2\/pages\/159\/revisions"}],"predecessor-version":[{"id":519,"href":"https:\/\/site.sindihoteissj.org.br\/index.php\/wp-json\/wp\/v2\/pages\/159\/revisions\/519"}],"wp:attachment":[{"href":"https:\/\/site.sindihoteissj.org.br\/index.php\/wp-json\/wp\/v2\/media?parent=159"}],"curies":[{"name":"wp","href":"https:\/\/api.w.org\/{rel}","templated":true}]}}